{"id":105,"date":"2025-07-08T15:36:22","date_gmt":"2025-07-08T19:36:22","guid":{"rendered":"https:\/\/moisanalamairie.ca\/?page_id=105"},"modified":"2025-07-08T16:34:33","modified_gmt":"2025-07-08T20:34:33","slug":"rassembler","status":"publish","type":"page","link":"https:\/\/moisanalamairie.ca\/?page_id=105","title":{"rendered":"RASSEMBLER"},"content":{"rendered":"\n\n\n<p>Un maire qui polarise est un maire qui a \u00e9chou\u00e9. En 2025, il faut cesser de croire que la d\u00e9mocratie se limite \u00e0 un vote qui donne un ch\u00e8que en blanc \u00e0 l\u2019\u00e9lu. <a><\/a>Les \u00e9carts de points de vue sans cesse grandissants ne font que diviser la soci\u00e9t\u00e9. Un maire repr\u00e9sente 100% de ses \u00e9lecteurs.trices, pas moins.<\/p>\n\n\n\n<p>On ne peut \u00e9videmment plaire \u00e0 tout le monde mais on peut \u00e9couter et \u00e9changer avec tout le monde. Des citoyen.nes entendus . es et consid\u00e9r\u00e9s . es, c\u2019est l\u2019effet rassembleur que tout \u00e9lu doit rechercher. Oui, c\u2019est long et parfois ardu mais n\u2019est-ce pas notre travail, expliquer, informer, d\u00e9battre et dialoguer? On semble l\u2019oublier.<\/p>\n\n\n\n<p>Accepter d\u2019\u00eatre condamn\u00e9 \u00e0 s\u2019entendre est une r\u00e8gle morale en d\u00e9mocratie. \u00catre opaque, inonder les gens de paperasse et de bureaucratie pour se donner les coud\u00e9es franche au nom de l\u2019efficacit\u00e9, c\u2019est de la dictature d\u00e9guis\u00e9e.<\/p>\n\n\n\n<p>Daniel Moisan propose que :<\/p>\n\n\n\n<p>\u2022 Tout projet sortant du mandat principal d\u2019une municipalit\u00e9 soit soumis \u00e0 des s\u00e9ances de consultation et ultimement, un r\u00e9f\u00e9rendum.<\/p>\n\n\n\n<p>\u2022 Soient mis en place des d\u00e9bats citoyens o\u00f9 les \u00e9lus .es r\u00e9pondent aux questions mais surtout, \u00e9coutent.<\/p>\n\n\n\n<p>\u2022 Soit implant\u00e9e la r\u00e8gle des ponts, une approche visant d\u2019abord \u00e0 rechercher le compromis dans le but de faire consensus le plus possible.<\/p>\n\n\n\n<p>\u2022 Soient sensibilis\u00e9s \u00e0 l\u2019implication citoyenne nos nouveaux arrivants, le Conseil Municipal actuel n\u2019\u00e9tant pas vraiment repr\u00e9sentatif de l\u2019ensemble des communaut\u00e9s et de leurs besoins sp\u00e9cifiques.<\/p>\n\n\n\n<p>\u2022 Soient implant\u00e9s des \u00e9v\u00e9nements sociaux et amicaux, m\u00e9langeant les diff\u00e9rentes communaut\u00e9s, qu&rsquo;elles soient culturelles ou d&rsquo;orientations diff\u00e9rentes. Vous savez, nous sommes tous le martien de quelqu&rsquo;un. Arr\u00eatons de nous m\u00e9fier et PARLONS-NOUS !<\/p>\n\n\n\n<p>Rassembler est le d\u00e9fi, une entreprise ardue et pav\u00e9e de compromis. Les \u00e9lus .es qui ont l\u2019impression de perdre leur temps \u00e0 rassembler n\u2019ont aucune notion du temps qu\u2019il faut \u00e0 recoller les pots cass\u00e9s d\u2019une soci\u00e9t\u00e9 divis\u00e9e.<\/p>\n\n\n\n<p>FAISONS \u00c9QUIPE ENSEMBLE !<\/p>\n","protected":false},"excerpt":{"rendered":"<p>Un maire qui polarise est un maire qui a \u00e9chou\u00e9. En 2025, il faut cesser de croire que la d\u00e9mocratie se limite [&hellip;]<\/p>\n","protected":false},"author":1,"featured_media":0,"parent":0,"menu_order":0,"comment_status":"closed","ping_status":"closed","template":"","meta":{"saved_in_kubio":true,"footnotes":""},"class_list":["post-105","page","type-page","status-publish","hentry"],"kubio_ai_page_context":{"short_desc":"","purpose":"general"},"_links":{"self":[{"href":"https:\/\/moisanalamairie.ca\/index.php?rest_route=\/wp\/v2\/pages\/105","targetHints":{"allow":["GET"]}}],"collection":[{"href":"https:\/\/moisanalamairie.ca\/index.php?rest_route=\/wp\/v2\/pages"}],"about":[{"href":"https:\/\/moisanalamairie.ca\/index.php?rest_route=\/wp\/v2\/types\/page"}],"author":[{"embeddable":true,"href":"https:\/\/moisanalamairie.ca\/index.php?rest_route=\/wp\/v2\/users\/1"}],"replies":[{"embeddable":true,"href":"https:\/\/moisanalamairie.ca\/index.php?rest_route=%2Fwp%2Fv2%2Fcomments&post=105"}],"version-history":[{"count":3,"href":"https:\/\/moisanalamairie.ca\/index.php?rest_route=\/wp\/v2\/pages\/105\/revisions"}],"predecessor-version":[{"id":166,"href":"https:\/\/moisanalamairie.ca\/index.php?rest_route=\/wp\/v2\/pages\/105\/revisions\/166"}],"wp:attachment":[{"href":"https:\/\/moisanalamairie.ca\/index.php?rest_route=%2Fwp%2Fv2%2Fmedia&parent=105"}],"curies":[{"name":"wp","href":"https:\/\/api.w.org\/{rel}","templated":true}]}}