{"id":111,"date":"2025-07-08T15:44:14","date_gmt":"2025-07-08T19:44:14","guid":{"rendered":"https:\/\/moisanalamairie.ca\/?page_id=111"},"modified":"2025-07-08T16:24:32","modified_gmt":"2025-07-08T20:24:32","slug":"administrer","status":"publish","type":"page","link":"https:\/\/moisanalamairie.ca\/?page_id=111","title":{"rendered":"ADMINISTRER"},"content":{"rendered":"\n\n\n<p>Depuis le temps des pharaons, les chefs de gouvernement ont toujours \u00e9t\u00e9 tent\u00e9s par le prestige de l\u2019h\u00e9ritage qu\u2019ils laisseront derri\u00e8re eux. Aucun d\u2019eux n\u2019a vu une st\u00e8le en leur honneur disant : \u00ab Gr\u00e2ce \u00e0 sa bonne gestion, Rams\u00e8s a permis \u00e0 des centaines de milliers d\u2019enfants d\u2019avoir un berlingot de lait gratuit chaque matin \u00e0 l\u2019\u00e9cole \u00bb.<\/p>\n\n\n\n<p>On cherche plut\u00f4t le projet, \u00e9videmment visible, garant de post\u00e9rit\u00e9. Il y en a de bons. La renaissance du quartier St-Roch en est un bel exemple. D\u2019autres qui nous laissent perplexes comme le Centre Vid\u00e9otron dont on avait besoin pour un club de la LNH. Le centre est l\u00e0 mais pas le club. Heureusement, on y pr\u00e9sente plusieurs \u00e9v\u00e9nements, ce qui dore la pilule un peu mais \u00e0 quel co\u00fbt?<\/p>\n\n\n\n<p>D\u2019autres initiatives comme le tramway, polarisent totalement la population. On se demande d\u2019o\u00f9 viennent \u00e0 la fois la farouche opposition et l\u2019ent\u00eatement \u00e0 aller de l\u2019avant sans consulter la population.<\/p>\n\n\n\n<p>Une ville, ce n\u2019est pas \u00e7a. C\u2019est beaucoup plus plate que \u00e7a. Une administration municipale a pour principale mission d\u2019offrir des services \u00e0 sa population. R\u00e9fection des rues, collecte des ordures, traitement des eaux, d\u00e9neigement, s\u00e9curit\u00e9 publique et transport.<\/p>\n\n\n\n<p>L\u2019administration publique, c\u2019est le quotidien sans fanfare et non les soir\u00e9es de gala. L\u2019un n\u2019emp\u00eache pas l\u2019autre mais le second ne doit se manifester que lorsque le premier est pleinement accompli.<\/p>\n\n\n\n<p>En avez-vous pour votre argent? Avez-vous, comme moi, l\u2019impression que les services auxquels nous avons droit sont hypoth\u00e9qu\u00e9s par une certaine folie des grandeurs, motiv\u00e9e par le syndr\u00f4me de la carte postale, l\u2019orgueil ou des croisades environnementales, de croissance immobili\u00e8re ou autres?<\/p>\n\n\n\n<p>Est-ce le mandat d\u2019une ville de r\u00eaver plus longtemps que d\u2019\u00eatre \u00e9veill\u00e9e? Est-ce normal que nombre de projets se pr\u00e9parent et se r\u00e9alisent en vase clos? Si on a le malheur de questionner, on est \u00e9tiquet\u00e9s immobilistes, complotistes, qu\u00e9rulents.<\/p>\n\n\n\n<p>Et si \u00eatre progressiste, c\u2019\u00e9tait de rendre le sourire \u00e0 la population, de ne pas laisser de fardeau financier aux g\u00e9n\u00e9rations futures? Si \u00eatre visionnaire \u00e9tait plut\u00f4t de g\u00e9rer le quotidien, d\u2019offrir des services, d\u2019\u00eatre transparent et de s\u2019assurer qu\u2019il y en ait pour tout le monde? \u00c7a vous parle ou pas?<\/p>\n\n\n\n<p>Oui aux grands projets mais ce n\u2019est pas en campagne qu\u2019on les propose pour ensuite les imposer apr\u00e8s une victoire obtenue par la peu des dents. Les grands projets, on les fait ensemble, apr\u00e8s consultation publique. C\u2019est plate, hein?<\/p>\n\n\n\n<p>Il s\u2019agit de votre argent. Le maire est votre employ\u00e9 et non un donneur de le\u00e7ons qui se prend pour le roi Salomon.<\/p>\n\n\n\n<p>On me demande si on peut au moins garder sa limousine\u2026 Pourquoi? On a de belles pistes cyclables et un r\u00e9seau de transport en commun efficace, non?<\/p>\n","protected":false},"excerpt":{"rendered":"<p>Depuis le temps des pharaons, les chefs de gouvernement ont toujours \u00e9t\u00e9 tent\u00e9s par le prestige de l\u2019h\u00e9ritage qu\u2019ils laisseront derri\u00e8re eux. [&hellip;]<\/p>\n","protected":false},"author":1,"featured_media":0,"parent":0,"menu_order":0,"comment_status":"closed","ping_status":"closed","template":"","meta":{"saved_in_kubio":true,"footnotes":""},"class_list":["post-111","page","type-page","status-publish","hentry"],"kubio_ai_page_context":{"short_desc":"","purpose":"general"},"_links":{"self":[{"href":"https:\/\/moisanalamairie.ca\/index.php?rest_route=\/wp\/v2\/pages\/111","targetHints":{"allow":["GET"]}}],"collection":[{"href":"https:\/\/moisanalamairie.ca\/index.php?rest_route=\/wp\/v2\/pages"}],"about":[{"href":"https:\/\/moisanalamairie.ca\/index.php?rest_route=\/wp\/v2\/types\/page"}],"author":[{"embeddable":true,"href":"https:\/\/moisanalamairie.ca\/index.php?rest_route=\/wp\/v2\/users\/1"}],"replies":[{"embeddable":true,"href":"https:\/\/moisanalamairie.ca\/index.php?rest_route=%2Fwp%2Fv2%2Fcomments&post=111"}],"version-history":[{"count":1,"href":"https:\/\/moisanalamairie.ca\/index.php?rest_route=\/wp\/v2\/pages\/111\/revisions"}],"predecessor-version":[{"id":158,"href":"https:\/\/moisanalamairie.ca\/index.php?rest_route=\/wp\/v2\/pages\/111\/revisions\/158"}],"wp:attachment":[{"href":"https:\/\/moisanalamairie.ca\/index.php?rest_route=%2Fwp%2Fv2%2Fmedia&parent=111"}],"curies":[{"name":"wp","href":"https:\/\/api.w.org\/{rel}","templated":true}]}}